g = j + k. Calculate the remainder when g is divided by 11.
7
Let s(a) = -a**3 - 19*a**2 + 17*a + 16. Calculate the remainder when 2276 is divided by s(-20).
72
Let r(h) = -3*h + 331. Calculate the remainder when 2190 is divided by r(105).
14
Let w be ((4 - 7) + (-47)/2)*2. Let f = w + 59. Suppose 8*g - f*g = 146. Calculate the remainder when g is divided by 15.
13
Suppose -4*a + 8*a - 50 = 2*t, -5*a + t = -55. Let l = -264 + 672. Calculate the remainder when l is divided by a.
8
Let w = 8 + -1. Suppose -5*u - 5*z = 445, 3*u - 4*u = -z + 93. Let d = -75 - u. What is the remainder when d is divided by w?
2
Suppose 2*t = 3*b + 19, 5*b + 4*t + 7 = 2*b. Let n be (-8 - b) + (0 - 0). Calculate the remainder when (-2)/n + 964/12 is divided by 14.
11
Let d = 25 - -39. Suppose 2*a + d = 4*q, -4*q + 4*a = -7*q + 26. What is the remainder when (-56)/252 - 958/(-18) is divided by q?
11
Suppose l + 3*z = 1048, 64*l + 5305 = 69*l + 2*z. Calculate the remainder when l is divided by 75.
13
Let o = 12767 + -12578. What is the remainder when 1504 is divided by o?
181
Suppose 9*z - 14 = 22. Suppose -6*g + 5*g + 204 = 4*b, z*g = 3*b - 134. What is the remainder when 148 is divided by b?
48
Let j = -142 - -148. Suppose -4*o = 4*f - 52, -j*o = -10*o - 3*f + 50. What is the remainder when 20 is divided by o?
9
Let j = 11231 + -11167. What is the remainder when 118 is divided by j?
54
Suppose -109964 = -4*o - 2*b, -333*b + 335*b + 27476 = o. What is the remainder when o is divided by 49?
48
Let o = 204 - 105. Suppose 51*b + 27133 = -3059. Let t = 609 + b. What is the remainder when o is divided by t?
14
Let h(i) = i**3 - 25*i**2 + 8*i + 78. Let v be h(25). Let q = 324 - v. What is the remainder when q is divided by 8?
6
Let m(i) = -15*i - 443. What is the remainder when m(-30) is divided by 6?
1
Let u = 7265 - 7223. What is the remainder when u is divided by 15?
12
Suppose 10*x + 295 = 335. Suppose 464 = 4*c + x*a, -2*c + 6*a = 2*a - 238. What is the remainder when c is divided by 22?
7
Calculate the remainder when 298 is divided by (-1)/(-3) - (-150)/9.
9
Let t = 234 - 230. Suppose 0 = -4*l + 2*i + 36, 0 = -4*i + 3*i - t. Let u = -103 + 144. What is the remainder when u is divided by l?
6
Let z(d) = -d - 27. Let o be 84/16*16/6. Let v be z(o). Let w = -30 - v. What is the remainder when 52 is divided by w?
8
Suppose f + 17 - 19 = 0. Suppose 3*z = -f*k + 100, 3*k - 62 = -2*z + 8. Calculate the remainder when 348 is divided by z.
28
Let y(g) = 75 - 30 + 3*g - 30. Let z be y(-5). Suppose 5*c - 3*l - 69 = z, c - 75 = -4*c + 5*l. Calculate the remainder when 29 is divided by c.
5
What is the remainder when (-1*(1 - -38))/(-8 + 4047/507) is divided by 100?
97
Let y be -1 - 2/(-4) - 56/(-16). Suppose 3*d = -w + 516, -y*d - 11 + 2555 = 5*w. What is the remainder when w is divided by 17?
14
Let z be (-1)/(6585/(-42380) + 4/26). Let b = z + -628. Calculate the remainder when 210 is divided by b.
18
Let c(r) = -126*r + 2. Suppose -5*t = 5*l - t + 25, -2*l - 3*t = 17. Let s be c(l). Suppose 3*g - 31 - s = 0. Calculate the remainder when g is divided by 11.
9
Let j be (-3 - -1)/2 + -4. Let q = j - -12. Let z(l) = -l**3 + 5*l**2 + 6*l + 17. Calculate the remainder when z(6) is divided by q.
3
Let m = 3935 + -3913. What is the remainder when 84 is divided by m?
18
Let r = -48 - -48. Suppose 0*t - t + 2 = r. Suppose 5*w - 43 = -t*f, 0*w + 5*w = 2*f + 27. Calculate the remainder when 19 is divided by w.
5
Let v(n) = 27*n**2 + 19*n - 55. Let q(m) = -56*m**2 - 37*m + 110. Let y(z) = -4*q(z) - 7*v(z). Calculate the remainder when y(3) is divided by 34.
33
Suppose 65*h - 8829 = -281*h + 958933. What is the remainder when h is divided by 1397?
3
Let m be (54/3)/(-6) + (-1344)/6. Let o = m + 365. What is the remainder when o is divided by 47?
44
Suppose 0 = -5*p - 5*x + 255, 9 - 11 = -2*x. Suppose 0 = 29*s - 26*s - 786. What is the remainder when s is divided by p?
12
Suppose 10264 + 261280 = 58*s - 78428. What is the remainder when s is divided by 17?
16
Let n(s) = s - 6. Let b be n(9). Suppose 0 = b*f + 8*f - 165. Suppose -72 = -4*p + 40. What is the remainder when p is divided by f?
13
Let j(m) = -m**3 + 12*m**2 + 7*m - 1. Calculate the remainder when j(12) is divided by (6/(-12))/((-14)/476).
15
Let j(u) = 16*u**2 + 274*u + 544. Calculate the remainder when 6476 is divided by j(-2).
56
Let c = -2538 - -3239. What is the remainder when c is divided by 18?
17
Suppose -5*m + 99 = -4*r - 370, 0 = 3*r - 12. What is the remainder when m is divided by 2?
1
Let b = 882 + -311. Calculate the remainder when b is divided by 26.
25
Let p = 20 + -6. Let d = -48 - -53. Suppose -5*o = -4*j - 114, -17 = -o - 0*j - d*j. What is the remainder when o is divided by p?
8
Let i(h) = -35*h**3 + h**2 - 15*h - 17. What is the remainder when 1766 is divided by i(-1)?
32
Let v be 10*(-1)/6*-3. Suppose -d + 0*d = 1, v*d = -2*q + 179. Suppose 0 = -5*n + u + q, -n + 3*u = 3 - 13. Calculate the remainder when n is divided by 5.
4
Suppose 89*i - 5286 = 31649. What is the remainder when 2430 is divided by i?
355
Suppose 115*n + 106*n = 216*n + 430. Calculate the remainder when 251 is divided by n.
79
Let b(m) = 39*m - 2301. Calculate the remainder when 211 is divided by b(60).
16
What is the remainder when 331 is divided by (336/9 + -13)*3?
39
Let u = 4 + 13. Let m(r) = -2*r + 54. Let s be m(u). Calculate the remainder when 24 is divided by (-148)/(-16) - (s/16 - 2).
4
Calculate the remainder when 138/(-253) + (-26485)/(-55) is divided by 126.
103
Let q = -303 + 224. Let v = -71 - q. Calculate the remainder when 16 is divided by v.
0
Let d = -2835 + 2930. What is the remainder when d is divided by 77?
18
Let z(q) = 122*q**2 - 114*q - 112. Let t(v) = -4*v - 35. Let w(n) = 7*n + 69. Let h(y) = 5*t(y) + 3*w(y). Calculate the remainder when z(-1) is divided by h(0).
28
Suppose 15428 = 67*g - 29*g. Calculate the remainder when 1638 is divided by g.
14
Let o = 150 + -104. Suppose 0 = 10*k + 6 - o. Suppose -5*i + 13 = -4*p, 3*i - 8*i = -25. Calculate the remainder when k is divided by p.
1
Let z(v) = -13*v + 219. Let w(a) = -3*a + 44. Let c(n) = 11*w(n) - 2*z(n). Calculate the remainder when 42 is divided by c(5).
9
Let p = 17 + -11. Suppose -w + 7 + p = 0. Calculate the remainder when (-9 - -35) + -2 + -1 is divided by w.
10
Let r(y) = 147*y - 64. What is the remainder when 1573 is divided by r(1)?
79
Suppose -3*s + 12 = q, -5*s + 10 + 24 = 4*q. Suppose q*n - 108 = 2*n. What is the remainder when n is divided by 7?
6
Let r(z) = -z**2 + 11*z - 27. Let v be r(6). Suppose 469 = 3*x - 5*u, -v*x - 2*u + 334 = -x. What is the remainder when x is divided by 56?
51
What is the remainder when 444 is divided by (-11)/((-495)/36) - 11284/(-70)?
120
Let c(v) = 2*v**3 + 27*v**2 + 12*v + 24. Calculate the remainder when 151 is divided by c(-13).
3
Let b(i) = -i**3 - 17*i**2 + 274*i - 76. Calculate the remainder when b(-28) is divided by 69.
48
Let l(q) = -q**2 - 30*q + 77. Let z(g) = -2*g**2 - 23*g + 38. Let d be z(-14). Calculate the remainder when 76 is divided by l(d).
11
Suppose -83 = -p - 2*v, -3*v = -4*p + 893 - 583. Calculate the remainder when p is divided by 18.
7
Let l be ((-296)/(-10))/(0 + 3/15). Let f = 93 - l. Calculate the remainder when 73 is divided by (-5)/(2 + f/25).
23
Let f(u) = 3*u**2 - 3*u + 2. Let y be f(1). Suppose -5*s - p + 58 = 0, s + 3*s + p - 46 = 0. Calculate the remainder when -2*59/y*-1 is divided by s.
11
Let h be 1/(3 - 51/18). Suppose h*j - 528 = -27*j. What is the remainder when 109 is divided by j?
13
Let m = 18078 - 17548. What is the remainder when m is divided by 496?
34
Let i = -126 + 167. Suppose 0 = -2*r - 4, -3*n + 3*r + i = -67. Calculate the remainder when n is divided by 12.
10
Let y(o) = o**3 - 11*o**2 + 12*o + 109. What is the remainder when y(9) is divided by 31?
24
Calculate the remainder when (-12)/(0 - 16/568) is divided by ((-9)/6)/((-3)/22).
8
Let v = -138 + 220. Suppose -5*d + 1300 = -y, -8*d = -11*d - y + 780. What is the remainder when d is divided by v?
14
Let b(x) = x**2 - 14*x - 145. What is the remainder when b(-19) is divided by 69?
68
Calculate the remainder when 851 is divided by -22 + (-396)/(-12) + (-1662)/(-2).
9
Let b be (-66)/(-2)*5*3/45. Let s(r) = -r**3 + 11*r